j**4/4 + 5*j**3/3 + 3*j**2 + 5*j + 242. Determine y(-4).
-3
Let j(u) = -u - 11*u**3 - 15 + 30 + 7*u**3 + 5*u**3. Let p(k) = -k**3 + 3*k**2 - 2*k. Let g be p(2). Calculate j(g).
15
Let o(t) be the third derivative of t**5/20 + t**4/24 + t**3/6 + t**2. Let f = 38 + -36. Suppose 5*n = f*z + 7*n, 0 = -n + 1. Give o(z).
3
Let v(r) = 6*r - 25. Let m be v(5). Let h(x) = -x**2 + 8*x - 6. Calculate h(m).
9
Let v(w) = -8*w**2 - 11*w + 2. Let b(d) = -9*d**2 - 9*d + 2. Let m(u) = -5*b(u) + 4*v(u). What is m(1)?
12
Let l(n) = -4*n**2 + 4*n + 4. Suppose -4*p - 17 = 87. Let i(x) = -x**2 + x + 1. Let o(y) = p*i(y) + 6*l(y). Calculate o(2).
2
Let z = -58 - -60. Let n(q) = 3 + 69*q**2 + q + 5*q - 68*q**z. Suppose -3*x = -3*w - 15, -2 = w - 4*x + 3. Determine n(w).
-2
Let t(a) = -a**3 + 2*a**2 - 2*a - 10. Let p(k) = -8*k + 1. Let c be p(0). Let w(y) = -y**3 + y**2 - y - 1. Let b(h) = c*t(h) - 2*w(h). Determine b(0).
-8
Let h(u) = 16 - 46 + u + 24. What is h(3)?
-3
Let a be (1 - 3)*(4 + -7). Suppose i - 6 = 3*c + 4, 3*i = 3*c + 24. Let r(f) = a*f + f - i*f + f - 6. What is r(6)?
0
Let l(j) = 7*j**2. Let t be l(1). Let c(p) = -t - p - 9 + 4. Suppose -2*d = 3*g + 38 - 26, -g + 5*d - 21 = 0. What is c(g)?
-6
Let l(q) = -2*q - 2. Let t be (30/20)/(2/4). Let j(u) = -u**2 - u + 10. Let y be j(t). Calculate l(y).
2
Let s be (-1)/2*1*0. Suppose s = 3*i + 2*i. Let a(t) be the third derivative of t**5/60 - t**4/24 + t**3/3 + t**2 - 94*t. Determine a(i).
2
Let p(v) = -v**3 - 7*v**2 - 2*v - 3. Let h(t) = -25*t - 380. Let k be h(-15). Calculate p(k).
-43
Let y = -25 + 36. Let o = y + -9. Let d(m) = 5 + o*m**2 + 1 + 8*m - m**2 + 0*m**2. What is d(-5)?
-9
Suppose y = -y - 46. Suppose 3*i + 53 = -g, 0*i - 3*i + g = 55. Let b = i - y. Let a(h) = h**3 - 5*h**2 - h - 7. Calculate a(b).
-12
Let f(h) be the third derivative of h**5/60 + h**4/24 - h**3/3 + 497*h**2. What is f(-4)?
10
Let j be (-4)/(-6) + 26/6. Let w be 18/(-15)*(-1100)/30. Let c(p) = -14 + w - 2*p - 13 - 21. What is c(j)?
-14
Let x(b) = b + 2. Let t be 12/54 - 119/9. Let v = t - -28. Let a = v - 21. Determine x(a).
-4
Suppose 0 = 2*a - w - 6, -4*a = a + 2*w - 15. Let o(q) = -3 + 0 + 1 + 4 + a*q. Calculate o(-4).
-10
Let x = 28 + -23. Let z(g) = -2 + x*g + 5 - 2 - g**3 - 4*g - 5*g**2. Suppose 10 = -5*p + 2*c + c, 0 = -4*c - 20. What is z(p)?
-4
Let y(h) be the third derivative of -h**4/8 + h**3/2 - h**2. Let q(v) = v - 1. Let k(p) = -18*q(p) - 5*y(p). Suppose -i + 2 = -0. Give k(i).
-3
Let v(p) be the first derivative of -3*p**2/2 + 6. Let h be v(-2). Suppose j = 3*j - h. Let n(q) = q**3 - q**2 - q - 4. Determine n(j).
11
Let v be (-1)/((2/4)/(-1)). Let u be (2 - (-7 - -2)) + -5. Let y(o) = -o**2 - 3 - v*o - u*o - 4 - 4*o. Give y(-5).
8
Let r(d) = 7*d - 6. Suppose i = -m + 4*m - 12, 2*m - 8 = i. Suppose n = -2*o + 14, n + m*o = o + 19. What is r(n)?
22
Let w(k) = -13*k**2 + 25*k - 1. Let u(f) = 3*f**2 - 6*f. Let x(h) = 9*u(h) + 2*w(h). Suppose 0 = 3*g - 7*g + 16. Suppose -9*i = -8*i - g. Determine x(i).
-2
Let j(w) = -14*w**2 - 7 + w**2 - 12*w + 16*w**2 + w**3 + 5*w**2. Give j(-9).
20
Let d(g) = -g - 2. Suppose 111 - 501 = -6*s. Suppose 3*h + 2*v - v = s, 4*h - v = 75. Let j = 23 - h. What is d(j)?
-5
Let b be 8 + -2 - (-2 + 8). Let x(r) be the second derivative of b - 1/6*r**4 + 1/2*r**2 - 3*r - 1/20*r**5 + 1/3*r**3. What is x(-3)?
4
Let x(c) = 79*c + 4 - 233*c + 83*c + 81*c. Determine x(4).
44
Let j(y) = -y**2 - 11*y - 21. Let n(q) = 5*q**2 + 269*q - 63. Let f be n(-54). Determine j(f).
-3
Let j(t) = t - 2. Let r be j(-3). Let s(k) = -7*k + 3. Calculate s(r).
38
Suppose -y = -5*a - 4, 3*y + 2*a - 12 = a. Let c(v) = y - 8 - 10*v + 0*v + 5. Calculate c(1).
-9
Suppose 3 = 2*z - 9. Let k(i) = 2*i**3 - 4*i**2 - 6*i - 4. Let t(a) = -2*a - 3 + 16 + 2*a**2 - a**3 - 11 + 5*a. Let u(f) = z*k(f) + 11*t(f). Calculate u(3).
-2
Let o(t) be the first derivative of t**2 - 3*t - 103. What is o(4)?
5
Let t(o) = -6*o - 92. Let d be t(-15). Let n(z) = 2*z**3 - z**2 - 3*z - 2. Determine n(d).
-16
Let h(w) = w + 1. Let x = -33 - -33. Suppose x*r - 12 = -3*r. Give h(r).
5
Let d(j) = j**2 + 5*j + 2. Let b(f) = -f**2 - 4*f - 2. Let h(v) = 5*b(v) + 4*d(v). Give h(0).
-2
Let w(x) = x - 2. Let u(v) = -v**3 - 14*v**2 - v - 14. Let z be u(-14). Suppose o + 3*h - 8 = z, 8 = -3*o - 3*h + 2*h. What is w(o)?
-6
Let s(d) = 27 - 38*d - 4 - 31*d + 73*d. What is s(-4)?
7
Let f be 0/(-1) - (0 + -2). Let n(v) = -38*v + 1. Let t(i) = 7*i. Let x(h) = -2*n(h) - 11*t(h). What is x(f)?
-4
Let l(o) be the first derivative of 3/2*o**2 - 6*o - 2. Let r = 359 - 355. Determine l(r).
6
Let b(q) = q**3 + 3*q**2 - 30*q - 9. Let p be b(-7). Let d(x) be the first derivative of -1/2*x**2 + 3 + 4*x. Determine d(p).
-1
Suppose 558 - 132 = 142*x. Let t(o) = 2*o**2 - o**2 + o + 1 - 2*o**2. Give t(x).
-5
Let s(b) be the first derivative of -8*b**3 - b**2 + b + 122. Determine s(1).
-25
Let z be (-6)/8 + (-4)/16. Let i(t) = 440879*t - 1 - 440879*t + t**2 + 6*t**3. What is i(z)?
-6
Let y(w) be the first derivative of -7*w**3/3 - w**2/2 - 5. Let z(i) = 2*i - 11. Suppose -25 = -4*b + u, -2*b = -0*b + 3*u + 5. Let a be z(b). What is y(a)?
-6
Let j(m) be the first derivative of -3 + 5/2*m**2 - 1/3*m**3 - 6*m. Suppose -5*c = -5 - 15. Calculate j(c).
-2
Let l(r) = r**2 - 6*r + 7. Suppose k = -4*z + 40 - 11, -z - 2*k + 16 = 0. Determine l(z).
7
Let i(v) = -v - 1. Let a be i(-3). Let r(j) = -2*j + 1 + 0 - a + 3*j**2. Let q = -262 - -264. What is r(q)?
7
Suppose -10*z - 779 = -889. Let m(s) = 11*s + 19. Let v(w) = -5*w - 10. Let p(x) = 6*m(x) + 13*v(x). Determine p(z).
-5
Let a(d) = -6*d - d**2 - 3*d + d - 5. Suppose -3*t = -m - 5, m + 3 + 2 = 5*t. Give a(m).
10
Let q(b) = -2*b + 22. Let y be q(12). Let s(i) = -3*i**3 + 2*i**2 + i - 1. Determine s(y).
29
Let y = 303 + -303. Let q(a) = a + 10. Calculate q(y).
10
Let f(g) be the first derivative of 1/3*g**3 + 3*g - 2 - 7/2*g**2. Let l = 23 - 18. Calculate f(l).
-7
Let g(u) = 9*u + 2. Let q(d) = -1. Suppose 9*f = 2*f - 21. Let x(v) = f*q(v) - g(v). Determine x(1).
-8
Let t(w) = w + 16. Let p be t(-21). Let g(d) = 2*d**2 + 3*d - 5. Let f(l) = 3*l**2 + 4*l - 7. Let a(x) = p*f(x) + 7*g(x). Give a(4).
-12
Let y be 54/(-10) + (-2)/(-5). Let n be 1/(-4) + (-25)/(-4). Let g(q) = 3*q + 5 - n*q + 4*q + 0*q. Determine g(y).
0
Let f(l) be the first derivative of l**2/2 - 8*l - 53. Determine f(-6).
-14
Let a(l) = 49*l - l**2 + 74*l - 21 - 134*l. Calculate a(-9).
-3
Let k(d) = 152*d - 9*d**2 + 2 + d**3 - 161*d - 14. Give k(10).
-2
Suppose 0 = -4*f + 8, 2*f = 79*u - 77*u. Let t(b) be the first derivative of 7 + b + 3/2*b**u. What is t(-6)?
-17
Let t(n) = 9*n**2 - 202*n + 203*n + 1 - 4*n**2. Give t(2).
23
Let m(i) = i - 3. Let p = -1523 + 1516. Determine m(p).
-10
Let d = 55/876 + 3/146. Let b(l) be the third derivative of 1/6*l**3 + 0*l + l**2 - 1/120*l**6 + 0 + 1/20*l**5 - d*l**4. Give b(2).
1
Let q(i) = i**3 - 7*i**2 + 4*i - 7. Let j = 14 + -9. Calculate q(j).
-37
Suppose -5*y + 2*m = -47, -4*y = -6*y + 4*m + 6. Let l(h) = h**2 - 11*h. What is l(y)?
0
Let c be -4 + 4 + (-6)/6. Let f be c - (-1 + 2)*-1. Let z(y) = y**2 - y + 1. Let u(b) = -5*b**2 + 5*b - 5. Let p(m) = -2*u(m) - 9*z(m). Determine p(f).
1
Suppose f - 5*c = 9, 27*c - 97 = -5*f + 26*c. Let l(o) = -o**2 + 19*o - 14. Determine l(f).
-14
Let p be ((-112)/(-24))/7 - 4/(-3). Let o(k) = 0*k - k**2 + k + 0*k. What is o(p)?
-2
Let f be 2 + 4 - (-2)/(-2). Suppose 0 = -2*q - 10, f*v - 6 - 4 = -4*q. Suppose 2*u + v = 3*u. Let r(x) = -x + 10. What is r(u)?
4
Let c(a) = -a**3 + 4*a**2 - a - 3. Let h be (-430)/(-30) - (-2)/3. Suppose -h*s - 12 = -18*s. Calculate c(s).
-7
Suppose -2*p - 10 = -4*q, -q - 3*p = 2*p - 19. Let n(l) = -4*l + 20. What is n(q)?
4
Let r(j) = 1 - j**2 + 44*j + 46*j - 93*j. Calculate r(-6).
-17
Suppose 22*u - 70 = 17*u. Let q(j) = -4*j - 1 + u*j + 12*j**3 - 12*j. Give q(-1).
-11
Let z(o) = -4*o**2 - 2*o + 2. Let w(g) = -g**2 + 11*g - 16. Let q be w(9). Give z(q).
-18
Let n(p) = 14*p + 1. Let g be (-270)/(-36) + (-1)/2 + -9. Determine n(g).
-27
Let t(l) = 3*l**2 - 5*l + 5. Let y be (-8)/(-5) + (420/50 - 8). Calculate t(y).
7
Let n(u) = -u**3 - 5*u**2 + 7*u + 9. Let o be n(-6). Suppose -o*a = -1 - 53. Suppose -a*f + 4 = -14*f. Let h(r) = -5*r**3 + 2*r - 1. Calculate h(f).
-4
Let c